osite?
True
Is 7131 prime?
False
Is 63043 composite?
True
Is 12881 a prime number?
False
Is 74159 prime?
True
Is 71699 composite?
False
Is 1349921 composite?
True
Is 9169 composite?
True
Is 177263 a composite number?
True
Is 96619 a composite number?
True
Is 94193 a prime number?
False
Is 14369 composite?
False
Is 353845 composite?
True
Is 222059 prime?
True
Is 4939 a prime number?
False
Is 16811 prime?
True
Is 201997 a prime number?
True
Is 1151 a prime number?
True
Is 14519 prime?
True
Is 134993 prime?
False
Is 8069 a composite number?
False
Is 13649 prime?
True
Is 10189 prime?
False
Is 61159 prime?
False
Is 6109 a prime number?
False
Is 2309 prime?
True
Is 13285 a composite number?
True
Is 183907 a composite number?
False
Is 9742 prime?
False
Is 1253 prime?
False
Is 2361 a prime number?
False
Is 68569 composite?
True
Is 15877 composite?
False
Is 127527 a prime number?
False
Is 3629 composite?
True
Is 317 prime?
True
Is 8641 a composite number?
False
Is 15259 composite?
False
Is 7109 a prime number?
True
Is 7069 composite?
False
Is 3137 a prime number?
True
Is 3071183 prime?
False
Is 5815 a composite number?
True
Is 67478 a prime number?
False
Is 29101 a composite number?
False
Is 168247 composite?
False
Is 6209 a prime number?
False
Is 420593 a composite number?
False
Is 35383 a composite number?
True
Is 19841 a composite number?
False
Is 253133 prime?
True
Is 451499 composite?
False
Is 33127 composite?
True
Is 261026 prime?
False
Is 69815 a prime number?
False
Is 30157 a composite number?
True
Is 22549 a composite number?
False
Is 22769 composite?
False
Is 160869 a prime number?
False
Is 68977 composite?
True
Is 139333 composite?
False
Is 1277 a composite number?
False
Is 21631 prime?
False
Is 37945 prime?
False
Is 129341 a prime number?
True
Is 235459 a prime number?
False
Is 32141 a composite number?
False
Is 17357 a composite number?
True
Is 7671 a prime number?
False
Is 46499 prime?
True
Is 5389 a composite number?
True
Is 14281 a composite number?
False
Is 1523 composite?
False
Is 2333 a composite number?
False
Is 97987 a prime number?
True
Is 18301 a prime number?
True
Is 9173 a composite number?
False
Is 7403 a prime number?
False
Is 4621 a prime number?
True
Is 5618549 a composite number?
False
Is 210421 composite?
False
Is 6224381 a prime number?
False
Is 16945 a composite number?
True
Is 191302 a composite number?
True
Is 61441 prime?
True
Is 34781 prime?
True
Is 112669 prime?
False
Is 363914 a composite number?
True
Is 192155 a composite number?
True
Is 48523 a composite number?
False
Is 268399 a composite number?
True
Is 3651 composite?
True
Is 248039 a composite number?
True
Is 203713 a composite number?
False
Is 5723 a composite number?
True
Is 76303 a composite number?
False
Is 943 a composite number?
True
Is 18137 prime?
False
Is 1190347 a prime number?
True
Is 14987 composite?
True
Is 229139 a composite number?
False
Is 647 composite?
False
Is 170701 a composite number?
False
Is 150053 composite?
False
Is 8803 prime?
True
Is 122903 a prime number?
False
Is 2524889 prime?
False
Is 76961 composite?
False
Is 378259 a composite number?
True
Is 83649 composite?
True
Is 11801 composite?
False
Is 11633 a composite number?
False
Is 56697 prime?
False
Is 1013179 prime?
False
Is 9521 composite?
False
Is 8923 composite?
False
Is 55353 a composite number?
True
Is 5603 composite?
True
Is 384715 prime?
False
Is 448763 prime?
False
Is 897055 composite?
True
Is 3691 composite?
False
Is 42641 composite?
False
Is 306151 a prime number?
False
Is 44867 prime?
True
Is 8743 a composite number?
True
Is 1309202 composite?
True
Is 290243 a composite number?
False
Is 7187 prime?
True
Is 559373 a prime number?
False
Is 280537 prime?
True
Is 1251827 a composite number?
False
Is 3883 composite?
True
Is 396313 composite?
True
Is 97103 prime?
True
Is 3239 composite?
True
Is 7451 a composite number?
False
Is 261847 prime?
True
Is 5353 composite?
True
Is 4049 prime?
True
Is 17011 a composite number?
False
Is 11015 prime?
False
Is 111817 a composite number?
True
Is 183637 a composite number?
False
Is 6521 a composite number?
False
Is 666709 a composite number?
True
Is 853 a prime number?
True
Is 12891 prime?
False
Is 39206 a prime number?
False
Is 1567 composite?
False
Is 353323 a composite number?
True
Is 13829 a prime number?
True
Is 3814 prime?
False
Is 430979 a prime number?
True
Is 4583 composite?
False
Is 10167 a prime number?
False
Is 686759 a composite number?
True
Is 49978 a prime number?
False
Is 93865 composite?
True
Is 173429 a composite number?
False
Is 321007 prime?
True
Is 6187 composite?
True
Is 2227821 composite?
True
Is 169259 prime?
True
Is 4155455 prime?
False
Is 320009 a prime number?
True
Is 2644799 a composite number?
False
Is 21767 composite?
False
Is 1973 composite?
False
Is 28667 composite?
True
Is 1099 prime?
False
Is 433229 prime?
True
Is 16331 a composite number?
True
Is 2819 a prime number?
True
Is 1873171 a composite number?
False
Is 279859 prime?
False
Is 136127 prime?
False
Is 388501 a prime number?
False
Is 116723 a composite number?
True
Is 836347 composite?
False
Is 34951 composite?
True
Is 75503 composite?
False
Is 631 prime?
True
Is 4271 a prime number?
True
Is 19897 composite?
True
Is 149489 prime?
True
Is 25249 a prime number?
False
Is 608773 prime?
False
Is 118681 a prime number?
True
Is 206993 composite?
False
Is 41739 composite?
True
Is 47471 composite?
True
Is 309499 a prime number?
False
Is 41879 a prime number?
True
Is 3419447 prime?
False
Is 147973 composite?
True
Is 332287 prime?
True
Is 7745 prime?
False
Is 82703 a prime number?
False
Is 1211 prime?
False
Is 6087643 composite?
False
Is 2803259 a composite number?
False
Is 1066469 a composite number?
True
Is 43499 composite?
False
Is 2864215 a prime number?
False
Is 32345 a prime number?
False
Is 31957 a prime number?
True
Is 421195 a composite number?
True
Is 1973 composite?
False
Is 61151 composite?
False
Is 1752097 prime?
True
Is 2741 a composite number?
False
Is 81401 composite?
False
Is 72337 prime?
True
Is 273926 composite?
True
Is 1973 composite?
False
Is 71053 a prime number?
False
Is 5129 a composite number?
True
Is 65737 composite?
True
Is 12091 a composite number?
True
Is 36997 a prime number?
True
Is 2393 prime?
True
Is 6718 prime?
False
Is 16085 prime?
False
Is 32663 a prime number?
False
Is 40211 composite?
True
Is 23703 prime?
False
Is 259 a prime number?
False
Is 231193 prime?
False
Is 68033 composite?
True
Is 1547647 composite?
True
Is 37229 composite?
True
Is 3747 a prime number?
False
Is 624787 a composite number?
False
Is 3386 composite?
True
Is 667547 a prime number?
True
Is 92107 a composite number?
False
Is 18863 composite?
True
Is 88045 a composite number?
True
Is 123911 a prime number?
True
Is 8327 prime?
False
Is 1894001 a prime number?
True
Is 131509 a prime number?
False
Is 273137 prime?
False
Is 11839 prime?
True
Is 828977 a composite number?
False
Is 419 a prime number?
True
Is 26339 a prime number?
True
Is 38123 prime?
False
Is 119933 a composite number?
True
Is 135197 prime?
True
Is 137843 a composite number?
True
Is 1607757 composite?
True
Is 115301 a prime number?
True
Is 23347 a composite number?
True
Is 6899 a prime number?
True
Is 184973 a composite number?
True
Is 1051385 a prime number?
False
Is 93307 a prime number?
True
Is 212711 prime?
False
Is 185239 composite?
True
Is 8641 prime?
True
Is 595447 a prime number?
False
Is 7957 a composite number?
True
Is 7617 composite?
True
Is 5077 composite?
False
Is 25609 a composite number?
False
Is 19519 composite?
True
Is 223537 a prime number?
False
Is 94043 a prime number?
False
Is 73547 composite?
False
Is 697069 a composite number?
False
Is 111543 composite?
True
Is 5263465 prime?
False
Is 118817 a composite number?
True
Is 276581 prime?
True
Is 146141 a composite number?
False
Is 141439 a composite number?
False
Is 26759 a prime number?
True
Is 3197 a prime number?
False
Is 146345 prime?
False
Is 30143 composite?
True
Is 5837 prime?
False
Is 366161 prime?
True
Is 1949 a prime number?
True
Is 9311 a composite number?
False
Is 10681 prime?
False
Is 1242673 prime?
False
Is 1037327 a prime number?
True
Is 13213 a prime number?
False
Is 17569 prime?
True
Is 71465 a composite